{"id":52,"date":"2022-07-17T11:12:02","date_gmt":"2022-07-17T11:12:02","guid":{"rendered":"http:\/\/der-anwaltende.de\/?page_id=52"},"modified":"2022-07-17T13:00:27","modified_gmt":"2022-07-17T13:00:27","slug":"ueber-mich","status":"publish","type":"page","link":"https:\/\/der-anwaltende.de\/willkommen\/ueber-mich\/","title":{"rendered":"\u00dcber mich"},"content":{"rendered":"\n<p><strong>\u201eIch habe die Schnauze voll!&#8220;<\/strong><\/p>\n\n\n\n<p>Ich bin ein alter, wei\u00dfer Mann, der seit 20 Jahren ohne gr\u00f6\u00dfere Katastrophen seinem Anwaltsberuf nachgeht, brav seine Steuern zahlt und gerne hilft, wer auch immer meiner Hilfe bedarf. Mein Menschenbild ist denkbar einfach: wer mitmacht, der bekommt von mir jede Hilfe der er bedarf. Und da ist es mir glatt egal, welche Nationalit\u00e4t, Hautfarbe oder sexuelle Orientierung er mitbringt. Wer nicht mitmacht und sich lieber in die soziale H\u00e4ngematte legt, die wir alle immer brutaler zu sp\u00fcren bekommen, wird es schwerhaben, dass ich ihn mag. Und auch da ist es mit egal, welche Nationalit\u00e4t, Hautfarbe oder sexuelle Orientierung er mitbringt.<\/p>\n\n\n\n<p>Wer ich bin und was ich mache, k\u00f6nnen Sie hier nachlesen.<br><a href=\"http:\/\/www.anwalt-gotha.de\/?page_id=89\" target=\"_blank\" rel=\"noreferrer noopener\">http:\/\/www.anwalt-gotha.de\/?page_id=89<\/a><\/p>\n\n\n\n<p><strong>Was treibt mich auf die Palme?<\/strong><\/p>\n\n\n\n<p>Das esoterische Klima-Gelabere, die permanenten, von der Qualit\u00e4tspresse nach allen Regeln der Kunst befeuerten Welt-Untergangsphantasien, ein Gesundheitsminister, der &#8211; f\u00fcr jedermann jeden Tag sichtbar &#8211; in seinem Amt nun wirklich gar nichts zu schaffen hat, sondern eher ins betreute Wohnen geh\u00f6rt, aber trotzdem kraft seiner Wassersuppe weiterhin jeden Tag von der Drangsalierung der Bev\u00f6lkerung tr\u00e4umt. Ich kann es nicht glauben, dass wir (und offensichtlich gibt es f\u00fcr diese Art der Politik derzeit eine Mehrheit) alles daran setzen, das, was wir ausgebaut haben, alles, was uns stolz machen sollte, unsere Kultur, unsere Natur, aber auch unsere Wirtschaftsbetriebe, deren viele flei\u00dfige H\u00e4nde Grundlage unseres Wohlstands sind, all das auf dem Altar einer dubiosen Klimareligion zu opfern und das Land vors\u00e4tzlich vor die Wand zu fahren.<\/p>\n\n\n\n<p>Ich kann es nicht glauben, dass es eine Mehrheit f\u00fcr eine Politik gibt, die unter dem Deckm\u00e4ntelchen einer \u201ebunten Gesellschaft\u201c Wirtschaft und Energieversorgung zerst\u00f6rt, Recht und Sicherheit nur noch durch die Brille &#8222;mehr Geld gegen Rechts&#8220; oder &#8222;Bu\u00dfgelder eintreiben&#8220; sieht, der B\u00fcrger jeder mittelpr\u00e4chtigen Gro\u00dfstadt aber mittlerweile \u00fcber Obdachlose, Drogens\u00fcchtige, Dreck und Verwahrlosung stolpert.<\/p>\n\n\n\n<p>Ich habe die Schnauze voll, mir von pubertierenden Kindern vorwerfen zu lassen, ich w\u00fcrde ihre Zukunft zerst\u00f6ren und daf\u00fcr auch noch vom Bundesverfassungsgericht in v\u00f6lliger Verdrehung eines Staatsziels zum individuell einklagbaren Grundrecht gepimpt werden. Ich habe die Faxen dicke, wenn Berufsemp\u00f6rte, die ich auch noch mit meinen Steuergeldern bezahle, mir erkl\u00e4ren wollen, dass ich transphob oder homophob bin, wenn ich immer noch recht gut mit zwei Geschlechtern klar komme und der festen \u00dcberzeugung bin, dass eine Frau keinen Penis hat. V.a. kotzt es mich zunehmend an, wenn diese Bagage mir jeden Tag die Schuld f\u00fcr jegliches Elend in der Welt an die Backe pinnt.<\/p>\n\n\n\n<p>Ich habe die Schnauze voll, wenn nahezu 90% aller deutschen Qualit\u00e4tsmedien und immer mehr auch deutsche Gerichte nicht nur meine deutsche Muttersprache zerst\u00f6ren, die heutige Studenten- und meinetwegen auch Studentinnen- oder Studierendengeneration bar jeder Rechtsgrundlage mit Punkteabzug bestraft wird, wenn sie in ihren offiziellen Pr\u00fcfungsarbeiten nicht gendert, sondern auch erwarten, dass ich diesen Unsinn mitmache.<\/p>\n\n\n\n<p>Vor allem aber: ich bin all den Studienabbrechern und Berufslaberk\u00f6ppen in unseren Parlamenten in herzlicher Abneigung verbunden, die in ihrem Leben nichts geleistet haben, aber mir vorschreiben wollen, was ich zu tun, zu lassen und neuerdings sogar: was ich zu denken habe.<\/p>\n\n\n\n<p>Was w\u00fcnsche ich mir? Die R\u00fcckkehr zum gesunden Menschenverstand. Denn die selbsternannte Alternative ist keine. Wir B\u00fcrgerlichen m\u00fcssen uns viel st\u00e4rker vernetzen. Ansonsten wird es bald nur noch einige wenige Privilegierte und ein Riesenheer an Proletariern geben.<\/p>\n\n\n\n<p>Und ich bin meinem Land immer zu noch so sehr verbunden, als dass ich auswandern oder mich ins Unvermeidliche f\u00fcgen w\u00fcrde.<\/p>\n","protected":false},"excerpt":{"rendered":"<p>\u201eIch habe die Schnauze voll!&#8220; Ich bin ein alter, wei\u00dfer Mann, der seit 20 Jahren ohne gr\u00f6\u00dfere Katastrophen seinem Anwaltsberuf nachgeht, brav seine Steuern zahlt und gerne hilft, wer auch immer meiner Hilfe bedarf. Mein Menschenbild ist denkbar einfach: wer mitmacht, der bekommt von mir jede Hilfe der er bedarf. Und da ist es mir [&hellip;]<\/p>\n","protected":false},"author":1,"featured_media":0,"parent":0,"menu_order":0,"comment_status":"closed","ping_status":"closed","template":"","meta":[],"_links":{"self":[{"href":"https:\/\/der-anwaltende.de\/willkommen\/wp-json\/wp\/v2\/pages\/52"}],"collection":[{"href":"https:\/\/der-anwaltende.de\/willkommen\/wp-json\/wp\/v2\/pages"}],"about":[{"href":"https:\/\/der-anwaltende.de\/willkommen\/wp-json\/wp\/v2\/types\/page"}],"author":[{"embeddable":true,"href":"https:\/\/der-anwaltende.de\/willkommen\/wp-json\/wp\/v2\/users\/1"}],"replies":[{"embeddable":true,"href":"https:\/\/der-anwaltende.de\/willkommen\/wp-json\/wp\/v2\/comments?post=52"}],"version-history":[{"count":2,"href":"https:\/\/der-anwaltende.de\/willkommen\/wp-json\/wp\/v2\/pages\/52\/revisions"}],"predecessor-version":[{"id":73,"href":"https:\/\/der-anwaltende.de\/willkommen\/wp-json\/wp\/v2\/pages\/52\/revisions\/73"}],"wp:attachment":[{"href":"https:\/\/der-anwaltende.de\/willkommen\/wp-json\/wp\/v2\/media?parent=52"}],"curies":[{"name":"wp","href":"https:\/\/api.w.org\/{rel}","templated":true}]}}